4. Calculate the greatest common divisor of s and z.
11
Let x(f) = -8*f - 5*f + 5 - 12*f**2 + 2*f + 0*f**3 - f**3. Let r be x(-11). Let z be (-5 + 0)/(1/(-2)). Calculate the highest common divisor of r and z.
5
Suppose 3*r + 5*l = 29, -2*r + 4*l - 2 - 8 = 0. Calculate the highest common divisor of 39 and r.
3
Let c = 4 - 2. Suppose -b - 9 + 4 = -5*x, -7 = -b + c*x. Calculate the highest common divisor of b and 6.
3
Let h(k) = -k**3 + 2*k**2 + 2*k - 2. Let u = -4 + 6. Let c be h(u). What is the greatest common divisor of c and 14?
2
Let i = 18 + 30. Suppose 5*b = -3*l + 33, 6*b = 3*l + 2*b - 6. Let k(z) = -z**2 + 7*z. Let o be k(l). What is the highest common factor of i and o?
6
Suppose 5*g - 37 = 8. Calculate the greatest common factor of 72 and g.
9
Let o = -51 - -58. Calculate the greatest common factor of 14 and o.
7
Let q(m) = -37*m + 3. Let l be q(-3). Let a = l + -64. What is the greatest common factor of 10 and a?
10
Suppose 3*x + 2*x = 2640. Suppose 0 = -6*t + 3*t + x. Calculate the greatest common factor of 22 and t.
22
Let t = -13 - -2. Let a = 14 + t. What is the highest common divisor of 6 and a?
3
Let b = -20 - -75. Let c be (16/6)/((-4)/66). Let j = c + 66. What is the highest common divisor of j and b?
11
Let z(t) = 3*t**2 - 4*t - 5. Let s be z(4). Let q = 61 + 182. Calculate the highest common divisor of s and q.
27
Suppose -2*j + 5*j - 30 = 0. What is the highest common divisor of 90 and j?
10
Suppose -v + 2 = -0. Let w(f) = f - 1. Let o be w(v). Calculate the highest common divisor of o and 9.
1
Suppose -30 = -4*y + 6. Suppose -4*p + 0*i = -i - 15, -4*i - 9 = p. Calculate the highest common divisor of p and y.
3
Suppose -5*t + 16 = 3*z + 4, -5*t + 20 = -5*z. Let n = 0 + t. Suppose w - n*i - 100 = -8*i, 3*w - i - 316 = 0. Calculate the highest common divisor of w and 15.
15
Let a(z) = z**2 - 8*z - 5. Let j be a(10). Suppose -j = -f + 37. Suppose -q = q - f. Calculate the highest common divisor of q and 26.
26
Let m = -49 + 58. What is the greatest common divisor of m and 99?
9
Let k = -52 + 66. Calculate the highest common factor of k and 7.
7
Suppose 16 = -4*v, 4*v = 5*h - h - 16. Let y(n) = -n**3 + n**2 - n + 30. Let u be y(h). Calculate the highest common divisor of u and 15.
15
Let t = -144 + 249. Calculate the greatest common divisor of t and 15.
15
Let f(o) = -2*o**3 - 2*o**2 - 4*o + 2. Let b be f(-2). What is the greatest common factor of b and 36?
18
Let g = -5 + 18. What is the greatest common factor of 104 and g?
13
Suppose 0 = 2*i + 4*c - 110, -5*i = -2*i - 3*c - 210. What is the greatest common divisor of i and 13?
13
Let y(o) = 4*o**3 - 3*o**2 - 2*o - 3. Let v be y(-2). Let f = -19 - v. Calculate the highest common divisor of 6 and f.
6
Let n be 12/66 - (-260)/22. Calculate the greatest common divisor of n and 60.
12
Suppose 2 = -3*a + 11. Suppose -a*f = f - 216. What is the greatest common factor of f and 135?
27
Let n be (1/1)/(1/7). Calculate the highest common factor of 21 and n.
7
Let a be 384/(-60)*-5*1. Calculate the highest common factor of a and 4.
4
Suppose 67 = 4*t + 3*c, -t + 3*c = -c - 12. Calculate the greatest common factor of 80 and t.
16
Suppose 0 = 4*p - 3*q + 216, p + q + 70 = 9. Let m = p + 145. Let w be -33*(-2 + (-10)/(-6)). What is the greatest common factor of m and w?
11
Let t be 8/(-4) + 3 - 0 - -19. What is the highest common factor of 30 and t?
10
Suppose -4*j = 5*d - 241, -5*d - 5*j + 235 = -5. Suppose -16 + d = 3*a. What is the highest common factor of 77 and a?
11
Let c(u) = -u**3 + 15*u**2 + 17*u - 8. Let f be c(16). What is the highest common factor of f and 8?
8
Suppose 260 = 3*r + 4*q, -4*q + 0*q - 328 = -4*r. Let f(t) = -2*t**3 - t**2 - t. Let a be f(-2). What is the greatest common factor of r and a?
14
Let h(k) = -2*k**2 + 12*k + 10. Let q be h(6). What is the greatest common divisor of q and 90?
10
Let s = 26 + -21. Suppose 3*m = 5*k, 4*k = m + 6 + 1. Suppose 73 = -m*h + 273. Calculate the greatest common factor of h and s.
5
Let y = 11 - 4. Let n(r) = 60*r**2 + r - 1. Let v be n(1). Let f = v - -10. Calculate the highest common factor of y and f.
7
Let v(b) = -b**2 - 8*b - 9. Let g be v(-7). Let r be g*(36/(-8) - 2). What is the greatest common divisor of r and 52?
13
Suppose -c - 118 = 4*p - 9*p, -3*c = 5*p - 126. Suppose 0 = 7*r + p - 66. Let o = 75 - 45. Calculate the highest common factor of o and r.
6
Let w = 0 + 3. Suppose -5*h + 24 = u - 128, -w*h + 2*u = -86. What is the greatest common divisor of h and 6?
6
Let a(c) = c**3 - 12*c**2 - 13*c. Let h be a(9). Suppose -3*r + 6 - 18 = 0. Let b be h/(-44) - r/(-22). Calculate the greatest common factor of 1 and b.
1
Let m(s) = s - 3. Let u be m(2). Let j be 17 - 9 - (u + -1). Calculate the highest common factor of j and 10.
10
Let u be 40/6 + 2/(-3). Let h(w) = -w + 13. Let z be h(7). What is the greatest common divisor of u and z?
6
Let c(b) = b**3 - 6*b**2 - 12*b - 9. Let a be c(9). Calculate the highest common factor of a and 14.
14
Let b = 110 + -74. Suppose -3*m - m + b = 0. What is the greatest common factor of m and 18?
9
Let c(l) = l**2 + l. Let y be 3/2*4/(-3). Let w be c(y). Suppose 9 - w = -b + 4*x, -4*b = -3*x - 24. Calculate the highest common divisor of 18 and b.
9
Suppose -3*h - h = 0. Suppose h*f + 25 = 5*f. Calculate the highest common factor of 25 and f.
5
Suppose 398 - 83 = 2*c + 5*a, -c - 5*a = -150. Calculate the greatest common divisor of 66 and c.
33
Let p be ((-3)/(-9))/((-4)/(-24)). Suppose -2*n + 6 + p = 0. What is the highest common factor of 20 and n?
4
Suppose 5*q - 2*q = -36. Let l = 17 + q. Calculate the greatest common factor of 55 and l.
5
Suppose -1 = 3*i - 10. Suppose 5*j = 34 + 26. What is the greatest common factor of i and j?
3
Suppose 17*z - 19*z = -18. Calculate the greatest common divisor of 63 and z.
9
Let l = -5 + 8. Let d(u) = 2*u + 2 - u + 6*u**2 + 4*u - l*u. Let y be d(-2). Calculate the highest common divisor of 2 and y.
2
Suppose -3 - 34 = -y. Calculate the greatest common factor of y and 259.
37
Suppose 0 = 3*k + 15, 5*b - 6 - 4 = -2*k. Calculate the highest common divisor of 1 and b.
1
Let r be (19 - (0 + -1)) + (-3 - 1). What is the greatest common divisor of 224 and r?
16
Let f = 5 - 5. Suppose f = -5*r - 0*r + 110. Let j = 205 + -139. Calculate the highest common divisor of r and j.
22
Let b = 11 + -20. Let z = -8 - b. Let h be 29 + (4/z - 3). Calculate the greatest common factor of h and 75.
15
Let q be (-1 + -1)*(6 + -8). Suppose p - 3*u = 45, 133 = q*p - 5*u - 33. What is the greatest common divisor of 13 and p?
13
Let f(d) = d**3 - 2*d**2 + 2*d - 5. Let s be 4*(-6 - -3)/(-3). Let p be f(s). Let u be (p/21)/(1/3). Calculate the highest common divisor of u and 1.
1
Let j(c) = -c**2 - 6*c + 6. Suppose 2*r = -0*r - 10. Let x be j(r). Let p(i) = i**3 - i + 33. Let w be p(0). What is the greatest common factor of w and x?
11
Suppose -3*c = c - 40. What is the highest common divisor of c and 2?
2
Suppose -2*l + 72 = 3*n, 2*n + 3*l + 0*l - 48 = 0. Let f(k) = -4*k - 4. Let m = -4 - 6. Let o be f(m). What is the highest common factor of n and o?
12
Let x = 26 - 18. Suppose -x = -5*s + s. What is the highest common factor of 2 and s?
2
Let g be 17*((1 - 0) + 1). Suppose 4*d = 5*t - g, 3*t - 13 = -4*d - d. What is the highest common divisor of 18 and t?
6
Let k be ((-9)/(-15))/(2/60). What is the highest common factor of k and 12?
6
Let j = -3 - 1. Let w be 44/(-3)*6/j. Calculate the greatest common factor of 154 and w.
22
Let g(t) = t**3 + 7*t**2 - 7*t + 14. Let i be g(-9). Let y = i + 155. What is the greatest common divisor of 28 and y?
14
Suppose -5 = -2*a + 3*c + 2, 3*a - 15 = 3*c. Let u(x) = x**2 - 3*x - 3. Let o be u(4). Let s = o + 7. Calculate the highest common factor of s and a.
8
Let u be 82 + -2 - (-24)/(-6). What is the highest common factor of u and 190?
38
Suppose -2*y = 2*m - 6*y - 164, -5*m - 3*y = -345. Calculate the greatest common factor of m and 180.
36
Let l(n) = n**3 - 4*n**2 - 11*n + 6. Let v be l(6). Calculate the highest common divisor of v and 6.
6
Suppose 0*w - 8 = -4*w. Let s be (11/w)/((-1)/(-10)). Let k(o) = o**2 - 4*o - 7. Let z be k(6). Calculate the highest common divisor of z and s.
5
Let o = 44 + -22. Suppose -6*v + 704 = -2*v. What is 